 132 and u.
12
Let z = 26 - -29. Let l = 41 + -19. Calculate the greatest common divisor of l and z.
11
Let s = -1 - -4. Suppose 2*o - s*w - 81 = 0, 4*o - 3*w + 6*w - 207 = 0. Let x = 69 + -57. Calculate the greatest common divisor of o and x.
12
Let j(n) = -n**3 - 11*n**2 + 12*n + 6. Let r be j(-12). Suppose 4*g - 92 = -2*k, 52 = k + 5*g - 0*g. Calculate the greatest common factor of r and k.
6
Suppose -9 = 4*s - 9*s - f, 3*s - 4*f - 10 = 0. Let t be ((-18)/(-1))/s - 1. Suppose -65 = -y + 23. Calculate the highest common divisor of y and t.
8
Let n(k) = -9*k - 6. Let b(m) = m + 1. Let z be b(5). Let g be (z/(-9))/(-1)*-6. Let w be n(g). What is the highest common factor of w and 10?
10
Suppose -3*v - 3*i + 49 = 2*i, 0 = 3*v + i - 29. Suppose -22 = -2*w + 2*t, -3 = 3*w - 5*t - 42. What is the greatest common factor of w and v?
8
Let k = 77 + 73. What is the highest common factor of 15 and k?
15
Let i be (28/5)/(2/10). Let p be (0 - -1)*(10 - 3). Calculate the greatest common divisor of i and p.
7
Let u be 64/6 + (-4)/6. What is the greatest common divisor of u and 40?
10
Let c(p) be the second derivative of 0 + 19/2*p**3 - 2*p - p**2. Let f be c(2). What is the highest common factor of 14 and f?
14
Let z = 1 + 16. Let i = z - 5. Calculate the greatest common factor of i and 30.
6
Suppose -5*o + c = -345, 2*o = -o + 3*c + 195. Calculate the highest common factor of o and 175.
35
Suppose 2*c = 5*c - 78. Suppose 0 = -2*l - 2*d + c, -17 = -l - 2*d - 4. Calculate the greatest common divisor of 104 and l.
13
Suppose -3*t - t + 264 = 0. Suppose -3*o - 2*s = s - t, 4*o + s = 76. Calculate the greatest common divisor of 2 and o.
2
Let b(t) = -t**2 - 13*t + 3. Let h be b(-9). What is the greatest common divisor of h and 13?
13
Let q = -32 + 116. Suppose -7*b + 5*b + 24 = 0. What is the greatest common divisor of q and b?
12
Let s be 60/(-25)*10/(-4). Let l be s/(-21) + (-256)/(-14). Suppose d + d = 24. Calculate the greatest common factor of l and d.
6
Suppose -p - p = -5*g + 63, -4*p = -3*g + 35. Let z(j) = -j**2 - 51*j + 91. Let r be z(-51). Calculate the highest common divisor of g and r.
13
Let z be ((-2)/1 + 9)*1. Let n be z + 0 + -3 + 0. Calculate the highest common factor of n and 28.
4
Let f = -26 + 75. Calculate the highest common divisor of f and 7.
7
Suppose -7*y + 195 - 6 = 0. What is the highest common divisor of y and 3?
3
Suppose -5*f = -4*k + 99, f + 37 = 2*k - 4*f. Calculate the greatest common factor of k and 124.
31
Let g(p) = 2*p**3 - 6*p**2 - 3*p**3 + 5*p - 9*p + 5. Let n be g(-5). Suppose n = 5*z + 39 - 299. What is the highest common factor of z and 13?
13
Suppose 3*v - 47 = -5*h, 2*v - 8 = 2*h - 3*h. Calculate the highest common divisor of 2 and h.
2
Let q(f) = -3*f**3 - 2*f + 1. Suppose 1 = -p + 2. Let g be q(p). Let n = g - -28. What is the highest common divisor of n and 16?
8
Let y be 24 - (-16)/(-4) - 4. Let m(n) = n + 8. Let r be m(y). What is the highest common factor of r and 8?
8
Let a(u) = u**3 - 10*u**2 + 12*u - 13. Let m be a(9). Let o = 0 + m. Suppose -o = -2*v + 6. What is the highest common divisor of v and 5?
5
Suppose 5*v + 3*q = 13, -3*q = 5*v - 4*q - 29. Suppose 56 = s - 4*i, v*s + 3*i - 24 = 256. Calculate the highest common factor of 14 and s.
14
Let o(p) = 3*p - 4*p + 0*p + 15*p**2. Let v be o(-1). What is the highest common divisor of v and 128?
16
Let y be 10/(47/15 - (4 + -1)). What is the highest common divisor of 15 and y?
15
Let v(u) = u - 8. Let n be v(10). Suppose 0 = -4*z - 4*k + 84, -k + n*k = -3*z + 53. What is the greatest common factor of 32 and z?
16
Let f(s) = s**3 - 3*s**2 - 14*s - 5. Let i be f(6). Suppose -4*k + 198 = -410. Calculate the greatest common factor of k and i.
19
Let w = 143 - 43. What is the highest common divisor of 25 and w?
25
Let m be (-4 - 31/(-2))*10. Calculate the highest common divisor of m and 46.
23
Let m(i) = i**3 - 3*i**2 + 2*i - 1. Let c be m(4). Calculate the greatest common factor of c and 69.
23
Let d be 24/(-108) + 164/9. Calculate the greatest common divisor of d and 198.
18
Let p be (-368)/(-56) + 3/7. What is the highest common factor of p and 1?
1
Suppose 2*m = -96 + 240. Calculate the highest common divisor of 108 and m.
36
Suppose 39*g - 48 = 36*g. Calculate the highest common divisor of g and 24.
8
Suppose -g - 140 = -3*f - 2*g, 0 = -f + 4*g + 25. What is the greatest common factor of f and 30?
15
Let v = 6 - 5. What is the greatest common factor of 13 and v?
1
Let m = -7 + 11. Suppose 0*v = -4*v + 8, -2*v = m*g. Let c(i) = -81*i - 1. Let j be c(g). Calculate the highest common divisor of 32 and j.
16
Suppose -t = -0*t - 12. Let k = 364 + -119. Suppose -5*c + k = -175. What is the highest common divisor of c and t?
12
Let z(j) = -2*j**3 - 8*j**2 - 6*j. Let r be z(-5). Let l(g) = -g - 4. Let q be l(4). Let b be (-78)/q - (-1)/4. What is the highest common divisor of r and b?
10
Let w(y) = y**3 - 3*y**2 - 8*y - 9. Let f be w(-6). Let a be 1/2 + f/(-6). Suppose 0*n - 2*n = -a. What is the highest common divisor of 8 and n?
8
Suppose -2*b - 4 + 0 = 0. Let a(n) = n**3 + n**2. Let y be a(b). Let i be (y/(-1))/(3/18). What is the greatest common divisor of i and 36?
12
Suppose -5*i + 153 - 59 = 3*y, 8 = 4*i. Calculate the greatest common divisor of y and 4.
4
Let r(w) = -w**2 - 3*w - 3. Let l be r(-6). Let v be (-516)/l - 16/28. What is the greatest common divisor of v and 8?
8
Suppose 12*p = 9*p + 45. Calculate the highest common factor of 15 and p.
15
Let g = 32 + -28. What is the greatest common factor of 32 and g?
4
Suppose 4*w = u - 16, -4*w - 30 = -3*u + 2. Let x = 16 - u. Suppose 2*s = -2*s + x. Calculate the greatest common divisor of 6 and s.
2
Let n be (-8)/(-28) + 23/(-7). Let y be (-5 - n)/(1/(-2)). Calculate the highest common factor of 28 and y.
4
Suppose h + 2*z = -3*z + 61, -57 = -2*h + 3*z. Calculate the highest common factor of 9 and h.
9
Let b(l) = l + 14. Let x be b(8). What is the highest common divisor of x and 2?
2
Suppose 2*m = -2*m. Suppose 4*t - 20 - 4 = m. Let z be 1 - (-4 - (-1 - -2)). Calculate the greatest common factor of z and t.
6
Let t = 2 - -5. Let p = 1 + t. Suppose -3*u - 3*i = 2*i - 39, -i = 3*u - 27. What is the highest common factor of u and p?
8
Let w = 69 + -25. Calculate the highest common divisor of w and 11.
11
Let h(b) be the first derivative of -b**4/4 + 4*b**3/3 - b**2 + b - 8. Let k be h(3). Calculate the greatest common factor of k and 10.
2
Let h be 20/2*117/6. Suppose -h = -4*k + 29. Calculate the greatest common divisor of 7 and k.
7
Suppose r = 4*r + 3. Let h be (3/4)/(r/(-48)). What is the greatest common divisor of h and 12?
12
Let g(s) = -s**2 + 13*s + 6. Let w be g(10). Suppose 0 = -0*y + 2*y - 180. What is the highest common divisor of w and y?
18
Let q(a) = -a + 11. Let m be q(6). Let f(r) = 2*r + 11 + 24 - r. Let h be f(0). Calculate the greatest common divisor of m and h.
5
Suppose 0 = 4*r - 4*q - 44, 5*r + 4*q - 10 = -0*r. What is the greatest common factor of 2 and r?
2
Let m(r) = r**2 - 5*r - 1. Let a be m(6). What is the highest common factor of a and 65?
5
Let f(l) = l**2 - 6. Let t be f(-3). Suppose 48 = 7*r - t*r. What is the greatest common factor of 96 and r?
12
Let p be (10/(-4))/((-1)/10). What is the greatest common factor of 275 and p?
25
Suppose v + 3 = 2*v. Suppose 0 = -4*k + 20, -3*w + v*k + 69 = -2*w. Let j(s) = -s**2 + 11*s - 4. Let c be j(9). Calculate the highest common factor of c and w.
14
Let t = 31 - 15. Let l be (-5 + 9)*(6 - -2 - -2). What is the highest common factor of t and l?
8
Let j be (5 + 0)*(5 + -4). Suppose -3*h + 4*y = -60, j*y - 6 = -3*h + 27. Calculate the highest common factor of h and 4.
4
Let h(t) = -t**3 + 8*t**2 + 4*t + 4. Let q be h(8). Calculate the highest common divisor of 9 and q.
9
Suppose s - 32 = -3*s. Let p = s + -6. Suppose 0 = -3*w - f + 30, -w + 2*f = -2*f - 10. Calculate the greatest common divisor of w and p.
2
Let a be 57/6*(4 - 2). Calculate the greatest common divisor of a and 171.
19
Let j be 4 + 1 + (-2 - 0). Suppose z = j*z + 20. Let b be (-4)/8 - z/4. What is the greatest common divisor of b and 1?
1
Suppose 4 + 8 = 6*o. What is the greatest common divisor of o and 5?
1
Suppose -3*s - 14*s = -85. What is the greatest common factor o